Let d = n - 456. What are the prime factors of d?
2, 5, 17
Suppose -32*h + 531 = -29*h. Let j = h - 54. Suppose -b = 2*k - 350 - j, -4*k = 5*b - 943. What are the prime factors of k?
3, 79
Let p(r) = 2*r**2 + 23*r - 2. Let z be p(-12). Suppose 4*o + 10 = w, z = 3*w - 2*o - 0. Suppose w*n + 3 = 7, 3*n - 74 = -m. List the prime factors of m.
2, 17
Suppose 0 = x + 2, -5*r + x = -400 - 332. Suppose -4*g + 2*c = -r, g - 8 = 4*c + 32. Suppose g = s - 56. List the prime factors of s.
2, 23
Suppose 3*a - 2*a - q + 43 = 0, 3*q = 4*a + 170. Let p = -38 - a. Suppose -f - 3*y = -15 - 18, y = -p*f + 59. What are the prime factors of f?
2, 3
Suppose -2*d - 4 = 0, -m + 67244 = -46*d + 55*d. What are the prime factors of m?
2, 13, 199
Let x = -505 - -505. Suppose 2*h + 5*c - 1915 = 0, 5*h - c - 3047 - 1781 = x. What are the prime factors of h?
5, 193
Suppose -5*n - 36019 = -4*v, 62*v - 18017 = 60*v - 5*n. List the prime factors of v.
2, 3, 19, 79
Let y(z) = 5*z + 79. Let b be y(-21). What are the prime factors of 1359/2*b/(-13)?
3, 151
Let w be (-232)/(-2) + (6 - (-3 + 10)). Let o(g) = w*g - 12*g - 15*g - 38*g - 25. List the prime factors of o(4).
5, 7
Let q(p) = 146*p - 1075. List the prime factors of q(43).
11, 43
Let f be ((-224)/(-12))/(2 + (-129)/63). Let i = f - -670. What are the prime factors of i?
2, 139
Suppose -5*r - 23 = -3*r - 5*x, -2*r - x = 5. What are the prime factors of (r/(-6))/(60/19890)?
13, 17
Let n = 5986 - 3899. What are the prime factors of n?
2087
Let n be 2/6 - (-20)/(-15). Let p be (-162 - (0 + -3))/n. Suppose -p + 1647 = 8*q. What are the prime factors of q?
2, 3, 31
Let b be 6/8 + 2/((-24)/(-39)). Suppose b*p - 59 = -43. Suppose -2*j = -5*u + 32 + 77, -71 = -3*u + p*j. What are the prime factors of u?
3, 7
Suppose -5*o - 20 = 0, -2*o = u + 1158 + 1386. What are the prime factors of 2/2 + 8*u/(-16)?
3, 47
Let x = 51 - 51. Suppose x = -4*f - 5*j + 2, -4*f + 9 + 1 = j. Suppose 9*m - 331 = -f*c + 4*m, 2*c = -4*m + 224. List the prime factors of c.
2, 3, 17
Let s = 480 + -753. What are the prime factors of (-49062)/s + 4/14?
2, 3, 5
Suppose -5*f + 1150 = 5*c, 2*f - 3*c + 234 = 3*f. Suppose 3*x + f = 6*x. Let u = 169 - x. List the prime factors of u.
3, 31
Let i = 47124 - 24119. List the prime factors of i.
5, 43, 107
Let w = 23232 - 12365. What are the prime factors of w?
10867
Let d = 29620 - -1396. What are the prime factors of d?
2, 3877
Suppose -76922 = -3*h + t, -151*t + 148*t - 76908 = -3*h. What are the prime factors of h?
25643
Suppose -5*j + 200 = -245. Suppose 7 = -88*m + j*m. Suppose -m*n = -20*n + 195. What are the prime factors of n?
3, 5
Let d = -9 + -3. Let k(b) = 15*b**2 + 3681 + 3*b + 10*b**2 - 3679 + 0*b**3 + 2*b**3. What are the prime factors of k(d)?
2, 5, 11
Let o be -5 + 6 + 15 + -3. Suppose -o*l + 11*l = 88. Let i = l + 215. What are the prime factors of i?
3, 19
Let s(f) = 15*f**2 + 8*f. Let k = 73 + -76. Let m be s(k). Suppose 7*w + 3*g - 44 = 6*w, -2*g = 3*w - m. List the prime factors of w.
5, 7
Suppose 0 = -2*r - 4*p + 26, -2*p = 3*r + 3*p - 34. Suppose -7*y + 4*y + r*z + 36 = 0, -9 = -3*z. What are the prime factors of 2214/y - -2*1/5?
2, 37
Let a = 6048 + -2957. Let o = a - 2026. List the prime factors of o.
3, 5, 71
List the prime factors of (-309238)/(-22) - (-858)/(-3146).
2, 7, 251
Let q be (-12 - -13) + (-795)/3*-1. Let x = q - -181. List the prime factors of x.
3, 149
Let l = -57 + 59. Let m(f) = -3*f**l + 35*f - 2*f**3 + 43 - 48 + f**3. List the prime factors of m(-8).
5, 7
Let f(v) = -v - 3*v + 5*v**2 - 3 - v. List the prime factors of f(7).
3, 23
Let t(v) = -3*v**2 - 142*v - 60. Let i be t(-32). Let r = i + -348. List the prime factors of r.
2, 7, 19
What are the prime factors of 3632/(-7)*504/(-144)?
2, 227
Let n be 6/(-21) + (-25029)/(-63). Suppose -3*c + 5*j + 411 = 2*j, 0 = -3*c - 4*j + n. What are the prime factors of c?
3, 5
Let a(j) = 14*j**3 + 5*j - 6. Let w be a(1). Suppose -4*v - 3*h + 27 = 0, h = -w*v + 8*v + 20. Suppose 345 = v*g + 30. List the prime factors of g.
3, 5, 7
Let q = -8193 + 20180. List the prime factors of q.
11987
Let y(n) = 2*n + 37. Let a be y(-19). Let l be 9 + (0 - 1/a). Suppose -l = 2*p, 0*v + 49 = v - 4*p. What are the prime factors of v?
29
Suppose -4*y + 88047 = 5*t - 82079, y + 1 = 0. List the prime factors of t.
2, 3, 53, 107
Let k(v) be the second derivative of -v**5/20 - 3*v**4/4 + v**3/3 + 3*v**2/2 + 2*v. Suppose t - i = 16 - 25, -3 = 3*i. List the prime factors of k(t).
83
Let c(a) = 261*a**3 + 46 + 30*a**2 + 23*a - 37*a - 260*a**3. List the prime factors of c(-30).
2, 233
Let h(x) = -14*x + 5*x - 8*x**2 - x**3 - 1 + 13 + 3*x. Let t be h(-7). Suppose 0*i = -t*i + 140. List the prime factors of i.
2, 7
Let y be 53/5 - (-3)/(15/2). Let w(g) = g**2 - 5*g + 21. Let p be w(y). Suppose -24*s = -25*s + p. What are the prime factors of s?
3, 29
What are the prime factors of (-36696)/36*(-444)/8?
11, 37, 139
Let c(s) = s - 18. Let n be c(23). Suppose 2*i - o = n*i - 5132, 2*i - 3412 = 4*o. List the prime factors of i.
2, 3, 5, 19
Let i be (-98 + 18)/(7/(147/(-6))). Let h = -119 + i. List the prime factors of h.
7, 23
Let v be (-181)/(-12) - (-100)/(-1200). Suppose -v*i + 2908 = -13*i. List the prime factors of i.
2, 727
Let g = -24 - -24. Suppose g = 3*d - 3. List the prime factors of -40*(-2)/4 - (d - 1).
2, 5
Let a be (0 - (-3)/(-5))/((-189)/1890). Let m(p) be the third derivative of 3*p**4/2 + 4*p**3/3 - p**2. What are the prime factors of m(a)?
2, 7
List the prime factors of 6679 + (3 + 2 + -7)/(8/(-28)).
2, 3343
Let i(g) = -g**3 + 16*g**2 - 11*g - 50. Suppose -17*l - 105 = -24*l. What are the prime factors of i(l)?
2, 5
Suppose -8*r + 19 = 3. Suppose r*d + 2*z = 66, 3*z = -0*d + 3*d - 99. Suppose 5*i + 3 = d. List the prime factors of i.
2, 3
Let d(u) = 3020*u - 3642. What are the prime factors of d(8)?
2, 10259
Let a = -65 + 69. Suppose -x = -5*z + 2*x - 152, 116 = -a*z + x. What are the prime factors of (-4)/14 + ((-10776)/z)/3?
2
Suppose 0 = -41*o + 37*o. Suppose 11*s - 494 - 826 = o. What are the prime factors of ((-6)/4)/((-12)/(-16)) + s?
2, 59
Suppose 4*u - 24669 = -5*h + 4*h, 12339 = 2*u - h. What are the prime factors of u?
2, 3, 257
List the prime factors of (-3290)/21*1710/(-12).
5, 19, 47
Suppose 260*d - 257*d = -a + 704, -5*d - 3*a + 1176 = 0. Let r = 873 + -425. Suppose -4*z + 4*l = -r, z - d = -z - 3*l. What are the prime factors of z?
2, 3, 19
Let t(u) = -2*u**2 - 4*u. Let g(m) = -m**3 - 8*m**2 + 10*m + 10. Let n be g(-9). Let o be t(n). List the prime factors of (-2 - 0)/(o/195).
5, 13
Suppose -5*l - 3*p = -254426, 745*l + 5*p + 50902 = 746*l. What are the prime factors of l?
151, 337
Let o(q) be the first derivative of q**3/3 + 11*q**2/2 + 24*q + 1. Let t be o(-8). Suppose -v + 46 = -3*u, 3*u + 0 - 6 = t. What are the prime factors of v?
2, 13
Suppose 2*z + 2*w = 12952, z + 87*w = 83*w + 6476. List the prime factors of z.
2, 1619
Let j = -19226 + 32477. What are the prime factors of j?
3, 7, 631
Suppose 13*o - 3*j = 9*o + 2528, 5*j = -0*j. List the prime factors of o.
2, 79
Suppose -3*q = m + 68 - 4, 4*q - 282 = 5*m. Let h = 80 - m. List the prime factors of h.
2, 3, 23
Let s(l) = -23 - 34 + 3*l + 24 + 15*l**2 - 16*l. What are the prime factors of s(-6)?
3, 5, 13
Let i(k) = -424*k - 3912. What are the prime factors of i(-69)?
2, 3, 11
What are the prime factors of ((-76)/342 - (-3)/(27/(-43))) + 36144?
71, 509
Suppose 5*j - 4*j - 3 = 0. Let l(b) be the third derivative of b**5/60 + b**3/3 - 98*b**2. What are the prime factors of l(j)?
11
Suppose 5*y = 153 - 118. Suppose y*s - 553 = -49. What are the prime factors of s?
2, 3
Let x(y) = 3*y**3 - 6*y**2 - y + 4. Let n be x(4). Suppose 3*w - 72 = n. Let m = w + 123. What are the prime factors of m?
179
Suppose -4240 + 25688 = -7*v. List the prime factors of (-3)/((-12244)/v + (1 - 5)).
2, 383
Suppose 19*w = 72 - 34. Suppose -w*t + 0*t = -5*d + 6025, 3*d - 3626 = -t. List the prime factors of d.
17, 71
Let s(h) = 2*h - 5. Let d be s(8). Suppose -3*o + 4*u = -d - 6, -5*o - 3*u = 20. List the prime factors of (-7)/21*(o - 35)/1.
2, 3
Let l(f) = f**3 + 13*f**2 + 16*f - 13. Let v be l(-10). Let d = 274 - v. What are the prime factors of d?
3, 7
Let u = 8975 - 2781. List the prime factors of u.
2,